-0. Suppose u = -o + 2*o - 8. List the prime factors of o.
2
Suppose 3*m - 56 = -5. Let t = 28 - m. List the prime factors of t.
11
Let z be (0 - 18/(-3))/2. Suppose -z = -3*m - 3*u, 3*m - 8*u = -3*u + 35. Suppose -5*w + 48 = -3*j, -m*j = -4*w - 12 + 40. What are the prime factors of w?
2, 3
Let k = -14 + 16. Suppose 6*j = j + 3*q + 6, -2*q = 4*j + 4. Suppose d - 3*d = 5*f - 35, j = -k*f + d + 5. List the prime factors of f.
5
Let z(y) = -y**3 - 8*y**2 - 10*y - 12. List the prime factors of z(-7).
3
Let g(k) = -21*k + 1. Let c(v) = -43*v + 2. Let z(n) = 4*c(n) - 7*g(n). Let t be z(-3). List the prime factors of 8/20 + t/10.
2
Let m(l) = l**3 - 5*l**2 + 6. Let b be m(5). Let n = 17 - b. What are the prime factors of n?
11
Let o = -21 + 142. List the prime factors of o.
11
Let b(y) = -2*y + 13. Suppose -5*d = -0*d. What are the prime factors of b(d)?
13
Suppose 134 = 2*v - 82. Suppose 2*g + v = 3*r, -4*r = -r + 4*g - 90. What are the prime factors of r?
2, 17
Let v(b) = 2*b**2 - 16*b - 14. Let f be v(12). Suppose -3*a + 15 = g + 1, -5*g - 3*a = -f. List the prime factors of g.
17
Let b(i) = i**3 + 11*i**2 - 13*i - 2. Let u be b(-12). Suppose 10 = 5*h - u. What are the prime factors of h?
2
Let l(a) be the first derivative of -a**3/3 - 7*a**2/2 + 10*a - 1. Let z be l(-8). Suppose -4*d + 8 = v - 2, v + 8 = z*d. What are the prime factors of d?
3
Suppose -5*u - 5*t + 25 = 0, 5*u - 1 = -0*u + 3*t. Suppose 2*w + u*w = 4. What are the prime factors of 10/w*(-1)/(-2)?
5
Let x(f) = f**3 - 3*f - 3. Let i be (3/2)/((-8)/(-16)). What are the prime factors of x(i)?
3, 5
Let d be 2 + -7*(-2)/(-2). Let u(o) = o**2 + 3*o + 4. List the prime factors of u(d).
2, 7
Let a(r) = -r - 4. Let q = -10 - -2. List the prime factors of a(q).
2
Let g = 23 - 11. Suppose 5*p + 4*v - 8 = -2, g = 5*p - 2*v. List the prime factors of 13 - p*(-3)/6.
2, 7
Let j = 98 - 66. Suppose -2*s - j = -4*r, -s - 2*r = -3*s - 40. Let k = s - -34. List the prime factors of k.
2, 5
Suppose 0 = -y + 3*y - 28. List the prime factors of y.
2, 7
Let s = 46 + -71. Let p be 10/s + 12/5. What are the prime factors of -1 + 5 + p + 2?
2
Let u(p) = -p + p**2 - 3 + 2 + 2. Let w be u(-5). Suppose -2*c + 3*t + 13 = 0, 2*t = -2*c - t + w. What are the prime factors of c?
11
Suppose -2 = -5*l + 3*l, -482 = -4*g + 2*l. What are the prime factors of g?
11
Let d be ((-1)/(-3))/(4/(-24)). Let s(t) = -t**2 + 2*t + 1. Let u be s(3). List the prime factors of d*((-33)/u)/(-3).
11
Suppose 3*s + 5*q - 109 = 0, s - 3*s + 2*q = -62. List the prime factors of s.
3, 11
Let j(p) = p**3 + 5*p**2 - 9*p - 6. Suppose -4*r + 27 + 53 = 0. Let o = 14 - r. What are the prime factors of j(o)?
2, 3
Suppose 0*i = -2*i + 2*t + 6, 4*t - 4 = 0. Suppose i*x + y + 53 - 12 = 0, -6 = -x + 3*y. List the prime factors of 15/2*(-6)/x.
5
Suppose -3*s + 5 = -1. Suppose -4*d - 46 = 2*m - 4*m, -s*m + 31 = d. List the prime factors of m.
17
Suppose 2*k + 2 - 6 = 0. Suppose 5*c + 4 = 3*x, -6*c = -k*x - c - 4. List the prime factors of x.
2
Let x(a) = a**2 + 6*a - 2. Let k be x(-5). Let w(s) = -s**3 - 7*s**2 + 3. Let u be w(k). Let o(g) = 3*g - 2. What are the prime factors of o(u)?
7
Suppose -o + 92 = -5*o. List the prime factors of 2/5 + o/(-5).
5
Suppose -4*y + 3*y = 20. Let q = y - -35. List the prime factors of q.
3, 5
Suppose -7*f = -3*f + 16, 4*c = -4*f + 24. List the prime factors of (-1 - -9)/(c/65).
2, 13
Let g be (9/6)/((-1)/14). Let d = -5 - g. List the prime factors of d.
2
Let t = 95 + -30. List the prime factors of t.
5, 13
Suppose -4*a = -8, -3*h + 46 = -4*a - 45. List the prime factors of h.
3, 11
Let f(s) = 4*s**2 - s - 1. Let t(v) = -2*v + 1. Let d be t(1). Let p be f(d). List the prime factors of p/(-14) - 65/(-7).
3
Let p(v) = v + 1. Let h be p(5). Let u = h + -3. List the prime factors of u.
3
Suppose i + 29 = 2*f, -3*f + i + 36 = -3*i. What are the prime factors of f?
2
Let n(b) = b**3 - 13*b**2 + 13*b + 16. What are the prime factors of n(13)?
5, 37
Let t = 163 + -104. What are the prime factors of t?
59
Let x(l) be the first derivative of 2*l**3/3 + l**2 + 3*l + 4. Let i be x(-4). Suppose -5*k = 4*p - 87, 0*p = -2*k + p + i. List the prime factors of k.
3, 5
Let w(b) = -b + 52. List the prime factors of w(0).
2, 13
Suppose -36 = -4*x + u + 3*u, -2*x + 12 = -4*u. List the prime factors of x.
2, 3
Suppose 14 = 4*s - 14. Suppose 5*n = s + 93. Suppose -n = -3*l - 2*l. What are the prime factors of l?
2
Let p(l) = l**2 + 14*l + 9. List the prime factors of p(-15).
2, 3
Let c = 844 + -498. List the prime factors of c.
2, 173
Suppose -3*g = -2*g - 36. Suppose 2*t = -0*t + g. List the prime factors of t.
2, 3
Suppose 4*d = -3*z - z - 8, -z - 2*d = 7. Let r = 10 - z. What are the prime factors of r?
7
Let t = 6 + 11. What are the prime factors of t?
17
Let v(m) = m**3 + 5*m**2 + 4*m + 3. Let z be v(-4). Let n be z - 3 - 2*-1. What are the prime factors of 7*(36/21)/n?
2, 3
Suppose -46 - 559 = -5*q. Let a be q/7 + (-2)/7. Suppose -r - 13 = -p, 3*p - r = 5*p - a. List the prime factors of p.
2, 5
Let m = -4 + 15. List the prime factors of m.
11
Suppose -4*c + 2*c = -10. Suppose 0*j = j - c. Let h = j + 7. What are the prime factors of h?
2, 3
Suppose o + 6 = -3. What are the prime factors of (o/(-3))/((-3)/(-11))?
11
Suppose -4*h - 2*r = -218, 2*r + 3*r = -h + 41. Suppose 5*k + 6 = -3*o + h, -5*o - 4*k + 79 = 0. What are the prime factors of o?
3, 5
Suppose -5*x = l - 36, 2*l = -5*x - 21 + 88. List the prime factors of l.
31
Suppose 0 = -4*q - 1 + 9. Let y(w) = 2*w**2 + 4. What are the prime factors of y(q)?
2, 3
Let s(h) = -2*h + 1. Let r(k) = 5*k - 2. Let p(w) = -3*r(w) - 7*s(w). Let z be p(-3). Suppose z*b - b = 5. What are the prime factors of b?
5
Suppose -55 + 1 = 3*y. Let k = y - -32. What are the prime factors of k?
2, 7
Let x be (-2)/(-11) - (-180)/(-22). Let u = 1 - x. List the prime factors of u.
3
List the prime factors of (-2)/(-4)*2 + 340.
11, 31
Let t = -12 + 17. List the prime factors of (-43)/(-3) - t/15.
2, 7
Let i(h) = 19*h - 6. Suppose -5*z + 6 = -9. What are the prime factors of i(z)?
3, 17
Let n = 0 + 8. Suppose -n*x + 3*x + 100 = 0. List the prime factors of x.
2, 5
Suppose 0 = j + m + 4*m - 8, -2*m - 24 = -3*j. Suppose 20 = j*v - 3*v. What are the prime factors of v?
2
Suppose 0 = j + 4*j - 15. Suppose -g + c = 3*g - 49, -5*c = -j*g + 24. What are the prime factors of g?
13
Suppose -93 = -i - 0*i. What are the prime factors of i?
3, 31
Let a = -10 + 7. Let b = -2 - a. List the prime factors of (-70)/(-15)*(b + 2).
2, 7
Let z(j) be the third derivative of -j**5/120 - j**4/24 + j**3/3 + 2*j**2. Let u(b) be the first derivative of z(b). List the prime factors of u(-7).
2, 3
Let j = 3 + 1. Let c(f) = -5*f - 12. Let l(s) = 9*s + 24. Let n(x) = j*l(x) + 7*c(x). What are the prime factors of n(-5)?
7
Suppose -4*f + 84 = -2*r - 78, 2*f - 72 = 4*r. Suppose 5*t - 113 = f. List the prime factors of t.
31
Let i(c) = 0 + 0*c**3 + 8*c**2 + 2 - c**3 - 7*c. Suppose 29 = 5*z - 3*m, 3 + 14 = 3*z - 2*m. List the prime factors of i(z).
2
Suppose 0 = y - 2*o - 291, 7*y - 2*y = -2*o + 1515. What are the prime factors of y?
7, 43
Let h(t) = -6*t**3 + t**2 + t - 2. Let d be h(-2). Suppose -4*q - d = -16. Let o(y) = -y**2 - 9*y + 5. What are the prime factors of o(q)?
13
What are the prime factors of ((-68)/(-12))/(1/9)?
3, 17
Let n(k) = k**2 + 5*k**2 + 7*k - 1 + k**2 - 3*k**3 + 2*k**3. Let p be n(8). Let m(a) = a**3 + 8*a**2 - 10*a - 5. List the prime factors of m(p).
2
Let x be (-1 + 5)*5/10. Suppose -3*q + 45 = -5*z, 4*q + 0*q - 86 = -x*z. What are the prime factors of q?
2, 5
Let i(j) = j + 5. Let m(a) = a + 6. Let c(b) = -5*i(b) + 4*m(b). What are the prime factors of c(-6)?
5
List the prime factors of (-365)/(-3) - -2*1/(-3).
11
Let s(y) = -y - 2. What are the prime factors of s(-7)?
5
Let t be 32/3 + 12/(-18). Let r = t - 5. List the prime factors of r.
5
Let q = -8 + 3. Let x = -84 - -92. What are the prime factors of (x + q)*(-4)/(-3)?
2
Let b(r) = -r + 1. Let z be b(-1). Suppose 3*n = 23 + 13. Suppose -2*m - 2*p = -3*p - n, -z*p = -8. What are the prime factors of m?
2
Suppose 364 = 2*t + 2*t. List the prime factors of t.
7, 13
Let k(g) = 9 - g**3 + g**2 + 0 + 0*g**3. Let h = 0 + 0. List the prime factors of k(h).
3
Let m